tor of d and l.
58
Let l be -51 + 78 + -31 - 1/((-2)/404). Calculate the highest common factor of 154 and l.
22
Suppose -14*x = -26 - 16. Suppose 5*k = -x*h + 687, -k + 4*h = -26 - 93. What is the greatest common factor of k and 45?
45
Let m be -2 + (19 - 1 - (15 + -16)). Suppose -m = -k + 9. Suppose 3*r = -r + 156. What is the highest common divisor of k and r?
13
Suppose 5*i + 4*x = 2544, -3*i + 50*x - 48*x = -1544. What is the greatest common divisor of 12 and i?
4
Let x = -14 - -27. Let t be (-1779)/(-3) - (2 + -7)*-1. Suppose -8*h + 115 = -7*h + 2*n, -3*n - t = -5*h. Calculate the highest common divisor of x and h.
13
Suppose 0 = -9*g + 4*g. Suppose g = 4*c - 3*o - 2*o - 2, -5*c = -5*o. Let x be (1/c - -2)/((-12)/(-64)). Calculate the greatest common divisor of x and 8.
8
Suppose 0*o - 5*o - 11 = 4*v, 4*o - 8 = v. Let r be -4*(o + (-5)/2). Suppose r*m + 400 = 16*m. What is the greatest common factor of m and 4?
4
Suppose 2*q - q - 2*t - 11 = 0, -2*q = -3*t - 26. What is the highest common factor of 2413 and q?
19
Let o(s) = 30*s - 72. Let j(f) = f - 2. Let t(z) = -12*j(z) + o(z). Let g be t(7). Calculate the highest common divisor of g and 702.
78
Let u = -5551 - -8242. Calculate the greatest common factor of 117 and u.
117
Suppose -8*v + 5*v = -234. Suppose 0 = -74*l + v*l - 16. Calculate the greatest common divisor of l and 84.
4
Suppose -t + 3*t = -2*c + 398, 2*t - 2 = 0. Let i = -192 + c. Calculate the greatest common divisor of 30 and i.
6
Let h be -20 - (-1 - (-1 - -3 - 4)). Let d = h + 55. Suppose 36 = f - d. Calculate the greatest common divisor of f and 10.
10
Let a = -61 + 66. Let b be (-8)/160*a + 2882/8. Calculate the greatest common divisor of 40 and b.
40
Let q = -7 + 14. Let u(z) = 6*z**2 - 23*z - 21. Let o be u(5). What is the greatest common factor of q and o?
7
Let r(f) = -2*f**2 - 55*f + 92. Let v be r(-29). Let x be (1 + (-15)/5)/(v/(-165)). What is the greatest common divisor of 264 and x?
66
Let w be 164 + (8 - 9/(-3)). What is the highest common factor of 1295 and w?
35
Suppose 5*d - 18*o + 426 - 1648 = 0, 4*d + o - 916 = 0. What is the greatest common factor of 810 and d?
10
Let z(m) = m**2 - m + 5. Let u be z(-5). Let g be (-52)/2106*-54 + 1 + (-105)/(-9). Calculate the greatest common factor of u and g.
7
Suppose -588 - 3680 = -194*r. What is the highest common factor of r and 4202?
22
Let s be (-13)/(-117) + (-16)/(-2448) - 12697/(-17). What is the greatest common divisor of s and 83?
83
Let h = 25851 + -25261. Calculate the greatest common factor of 118 and h.
118
Let w = 3936 - 3309. What is the highest common divisor of 228 and w?
57
Let x(g) = -414*g - 4137. Let y be x(-10). What is the greatest common factor of y and 111?
3
Let h be (-2 + 2 + 1)/((-33)/(-66)). Let l be (-242)/(-6) + (-5)/30*h. What is the greatest common divisor of 60 and l?
20
Suppose 5*k + 538 = m, 429*m = 427*m + k + 1022. Calculate the highest common factor of m and 8.
4
Let l = -11 - -9. Let p be -4*(-21)/24*l. Let c(z) = 2*z**2 + 13*z - 4. Let r be c(p). What is the highest common factor of 3 and r?
3
Let p(w) = w**3 + 11*w**2 + 5*w - 6. Let f be p(-6). Let v = 2642 + -2624. Calculate the highest common divisor of v and f.
18
Suppose 3*s - 76 = 2. Suppose 0 = 3*x + 2*d - 73 - 3, 0 = 5*x + 2*d - 128. Calculate the highest common divisor of s and x.
26
Let y(i) = i**3 + 120*i**2 - 634*i - 314. Let a be y(-124). Calculate the greatest common factor of a and 37.
37
Let f = 4614 + -4514. Calculate the highest common divisor of 13900 and f.
100
Let z be ((-18120)/5 - -4)/(-2). Suppose z = 4*y - f + 185, 5*y - 4*f = 2023. What is the greatest common divisor of 11 and y?
11
Suppose 16*c + 4*p - 18 = 13*c, 24 = 3*c + 3*p. Calculate the highest common factor of c and 26.
2
Suppose -1623*f + 760 = -1615*f. What is the greatest common factor of 931 and f?
19
Suppose -401*y + 197*y = -280*y + 38988. Let m(q) = -28*q - 1. Let h be m(-1). Calculate the highest common divisor of h and y.
27
Let p(k) = -4*k**2 - 30*k + 9. Let i(u) = -4*u**2 - 31*u + 10. Let c(j) = -2*i(j) + 3*p(j). Let f be c(-6). Calculate the greatest common factor of f and 155.
31
Suppose -5*u = -3*b - 645, -2*u + 29 = -5*b - 210. What is the highest common factor of 1236 and u?
12
Let f = -22427 - -22449. Suppose 5*r - 2*o - 198 - 354 = 0, -3*o = -3*r + 333. Calculate the greatest common divisor of r and f.
22
Suppose 2*j = -a, 7*j = 7*j + 4*a + 8. Suppose 3*b + 20 = 8. Let l be j + (b - 258/(-6)). Calculate the highest common divisor of 10 and l.
10
Suppose -11 = -14*m + 73. Suppose 4*r = -3*b + m + 429, -2*r - 4*b + 220 = 0. Calculate the greatest common factor of r and 12.
12
Suppose 0 = j + 3*o - 34, -12 - 68 = -2*j - 3*o. Suppose -j*a + 38*a = -560. Calculate the highest common divisor of a and 42.
14
Suppose -246 = 7*m - m. Let v = 33 + m. Let r(c) = -c**2 - 11*c - 17. Let x be r(v). Calculate the greatest common divisor of 28 and x.
7
Let z be (-106)/(-3021) + (-87192)/(-513). Let j(s) = -s**3 - 4*s**2 - 2*s + 2. Let p be j(-4). What is the greatest common factor of p and z?
10
Let t(z) = -63*z + 1658. Let l be t(26). What is the greatest common factor of l and 10940?
20
Suppose 71*p + 194*p = 81*p + 21896. What is the greatest common factor of p and 1071?
119
Let m(t) = -7*t + 253. Let o be m(23). Suppose 4*k = 3*h + 93, 4*h - 8*h - o = -4*k. Calculate the greatest common divisor of 84 and k.
12
Suppose 3*p = t + 4*t + 50, -t - 58 = -3*p. Suppose 1971 = 23*g - 329. Calculate the greatest common divisor of g and p.
20
Let p be 1979172/1131 - (-18)/261. What is the highest common divisor of p and 14?
14
Let o be (-18)/81*3*(-1 - 2). Let d be (33 - 3)/(o/3). Suppose 0*i - 4*i = -900. What is the highest common factor of d and i?
45
Let h(g) be the first derivative of 7*g**3 - 21*g**2/2 + 2*g - 80. Let y be h(-6). Calculate the highest common divisor of 68 and y.
68
Let f(m) = -m**2 - 23*m + 54. Let a be f(-25). Let r be 8 + -5 + a - 4. Let g = 9 + r. Calculate the greatest common divisor of 4 and g.
4
Let p = 311 - 308. Suppose -p*y + 0*a + 5*a = 8, 0 = 4*y + 2*a - 24. Calculate the highest common divisor of 44 and y.
4
Let h(x) = -x**3 - 5*x**2 + 6*x + 4. Let g be h(-6). Suppose 250*a - 76 = 246*a - 5*n, a = 5*n - 6. Calculate the highest common factor of a and g.
2
Let c(w) = 6*w**2 + 193*w + 274. Let x be c(-32). Calculate the greatest common divisor of x and 5687.
121
Suppose 2*f = f - 2. Suppose -246 + 102 = 48*p. Let i be (p - -9)/(((-2)/f)/3). What is the greatest common divisor of i and 2?
2
Let p(y) = -8*y + 12 + y + 2*y + 6*y. Let r be p(0). Suppose 0*o - 4*o - r = 0, 99 = 3*s - o. What is the greatest common factor of 256 and s?
32
Suppose -5*l = 4*j - 7*j + 179, -325 = -5*j + 3*l. Suppose 5*q = 15, 43 = 2*m - q + 4*q. Calculate the highest common divisor of j and m.
17
Suppose 140*h - 148*h = -88. Suppose 448 = h*n + 96. Calculate the greatest common divisor of 14 and n.
2
Let z(d) = 4*d**3 + 4*d - 3. Let i be z(2). Let m be (-2 - -39)/(-11 - (25116/325)/(-7)). Calculate the highest common divisor of i and m.
37
Let h(g) = -5*g**2 - 54*g - 25. Let t be h(-10). Let p be -1 - (-21)/t - (-792)/20. What is the greatest common factor of p and 136?
8
Let k = 17376 + -5238. Calculate the greatest common factor of k and 42.
42
Let a be 45 + -1 + 3 + -2. Calculate the highest common divisor of 14265 and a.
45
Suppose 7*w - 2976 = -9*w. Calculate the greatest common divisor of w and 12524.
62
Let x(p) = -708*p - 1260. Let g be x(-31). Calculate the highest common factor of 48 and g.
48
Suppose -2*z + 31 = -p - 10, 5*p = z - 16. Let f(l) = -140 - 232 + z*l + l**2 + 303. Let m be f(-24). What is the highest common divisor of 24 and m?
3
Suppose 1887 + 274 = 49*u - 632. Let w = -640 + 1267. What is the highest common divisor of u and w?
57
Let j be -3 + (4 - 4) + 0 + 780. Suppose 647 = -2*r + j. What is the highest common divisor of 169 and r?
13
Suppose -5*b = -7*n + 4488, -3*n + 0*n - 2*b + 1911 = 0. What is the highest common divisor of n and 108?
9
Let q be 13/(-3 + (-192)/(-60)). Calculate the highest common factor of q and 52.
13
Let f be (-1)/3*1620/(-4). Calculate the highest common factor of f and 345.
15
Let t(d) = 17 - 21*d + 10 + 8 + 11 - 12. Let f be t(-2). C